What is the units digit of h(-18)?
8
Suppose -3*x = x + 2400. Let z = -422 - x. What is the tens digit of z?
7
Let i = 169 - 43. Let c = i - 15. What is the tens digit of c?
1
Let w be (-6)/((1/(-18))/((-6)/(-12))). Let m = w - 52. What is the units digit of m?
2
What is the hundreds digit of ((-2035)/(-3) - -1)/(10/15)?
0
Let h = 127 - 124. What is the tens digit of 23 - (h - (3 - -1))?
2
What is the hundreds digit of -524*(5 + 44/(-8)) - 5?
2
Let l(s) = s**3 - 8*s**2 - 7*s + 6. Let i be l(9). Let z = 27 - i. Suppose -d = j - 1, -3*j - j + z*d = -18. What is the units digit of j?
3
Let g(k) = 3*k + 2. Let i(a) = -7*a - 5. Let h(m) = -5*g(m) - 3*i(m). What is the units digit of h(2)?
7
Let f(d) = -29*d. Let j be f(-2). Let g = -39 + j. What is the units digit of g?
9
Suppose 0 = 14*u - 2936 - 17280. What is the tens digit of u?
4
Let b be (1 + -3)/((-4)/(-496))*-1. Let q = b + -104. What is the units digit of q?
4
What is the hundreds digit of (-1 - 1/1) + 32400/81?
3
Let x = -78 - -83. What is the tens digit of -2 + 1 + x + 36 + 33?
7
Let r be (-44 - -7)/((-1)/3). Let u be 4/(-10) + r/15. Suppose -4*t + 6 = -u*t, t + 53 = c. What is the tens digit of c?
5
Suppose 5*v - 20 = 3*o, v + 5*o - 3 = 1. Suppose -466 = -4*l + 2*b, -l - v*l - 3*b = -610. What is the hundreds digit of l?
1
Let i(p) = 2*p**3 + 8*p**2 + 12*p - 103. What is the hundreds digit of i(6)?
6
Let i = -52 - -52. Suppose -5*y = i, 3*y = 5*k + 129 - 834. What is the tens digit of k?
4
Let o = 1144 + -793. What is the tens digit of o?
5
Let p be -5*(-8)/20 + 15. Suppose -4*f + p = -11. Suppose 0 = -3*k - 4*t + 42, -k + t + f = -0*t. What is the units digit of k?
0
Let n be (-5 + 3)/14 + 1500/14. Suppose d - 5*q - 68 - 39 = 0, 0 = d + q - n. What is the tens digit of d?
0
Let q(p) = -p**2 + 4*p - 3. Let b be q(5). Let w(y) = y + 9. Let a(c) = -c - 10. Let j(l) = -7*a(l) - 6*w(l). What is the units digit of j(b)?
8
Suppose 3*u = 57 - 3. Suppose 16*o = u*o - 322. What is the units digit of o?
1
Let g = 185 - -31. Suppose -o = o - g. What is the hundreds digit of o?
1
What is the units digit of 0 + (231/7 - 4)?
9
Let m = 558 - -333. What is the units digit of m?
1
Let g(r) = r**3 - 3*r**2 - 5*r + 5. Let n be g(4). Suppose -2 + n = u. Let v = 41 + u. What is the tens digit of v?
4
Let x(q) = q**2 + q. Let g be x(-2). Let p(b) = -5*b + 10 + 5*b - g*b + b. What is the units digit of p(8)?
2
Let i be (8/(-5))/(8/(-20)). Suppose -n - 190 = i*n. Let j = 54 + n. What is the units digit of j?
6
Suppose -4 = x - 3*x. Suppose x*b = 6*b - 228. What is the tens digit of b?
5
Let d = -1577 + 2240. What is the units digit of d?
3
Let h be (0 - 0) + (14 - 15). Let n(m) = -60*m**3 + m. What is the tens digit of n(h)?
5
Let v(g) = 8*g + 2. Let j(b) = -b - 9. Let f be j(-11). Suppose 8 = 4*d - f*d. What is the tens digit of v(d)?
3
Let s(b) = 9*b**2 - 19*b + 28. What is the units digit of s(-8)?
6
Let f(z) = -2*z + 10. Let g be f(-3). What is the tens digit of (-807)/(-12) + (-4)/g?
6
Suppose -5*f + 105 = 8*b - 3*b, 2*f = 2*b + 50. Suppose -2*h = -6*r + 3*r - 132, 3*h - 3*r = 204. Suppose 19*l + h = f*l. What is the units digit of l?
8
Let r = -69 - -84. Let a(z) = -z**3 + 17*z**2 - 21*z - 12. What is the units digit of a(r)?
3
Let z(c) = -c + 2. Suppose 12*y - 7*y = 20. Let k be z(y). What is the units digit of (-1)/k - 550/(-20)?
8
Suppose -3*p + 128 - 23 = 0. Suppose 2*z = 5*z - 4*t + 14, -2*t - 20 = 3*z. Let n = z + p. What is the units digit of n?
9
Let l(d) = -d**2 - 12*d + 13. Let j be l(-13). Suppose -z - 245 = -6*z. Suppose -2*i - 105 = -5*o, -3*o - i + z + 25 = j. What is the tens digit of o?
2
Suppose -d - 94 = 4*r, 0*d - 2*r = -5*d - 580. Let j = -80 - d. What is the tens digit of j?
3
Suppose 0 = 3*o - 2 + 8. Let l be ((-30)/(-25))/(o/(-30)). Suppose m + 2*a = 21 + l, -m - a + 42 = 0. What is the tens digit of m?
4
Let j = 52 - 32. Let o = -17 + j. What is the units digit of o?
3
Suppose 0 = -2*y + 9 - 3. Suppose -y*d + 1305 = 6*d. What is the units digit of d?
5
Let u be (-4)/(4 - 8)*-1. What is the tens digit of (-7 - -6)/(u/25)?
2
Let l be 2/(-4)*-16 - 0. Let s = -3 + l. What is the tens digit of ((-2)/4)/(s/(-430))?
4
Let h be (2/(-4))/(4/(-27 + 3)). What is the hundreds digit of (-4 + h)/(2/(-526))?
2
Suppose -q - 4*j + 20 = 0, -q + 2*j + 0*j = 10. Suppose q = -2*y + 41 + 81. What is the tens digit of y?
6
Let o = -25 - -29. Suppose -4*y + 4*q + 62 + 14 = 0, -y = o*q - 14. What is the tens digit of y?
1
Suppose -5*b + 17 + 13 = 0. Let m be 3*-1 + (b - -2). Let d(s) = s**3 - 3*s**2 - 5*s + 7. What is the tens digit of d(m)?
3
Suppose -3*u = -3*q + 21, -q + 4 = u + 3. What is the tens digit of 3 + 117 + u/(-1)?
2
Let d(o) = -o**2 + 8*o + 11. Let p be d(9). Suppose p*j + 520 = 7*j. What is the hundreds digit of j?
1
Suppose g - 5*g = -300. Suppose -2*k = -r - 30, -4*k = k + r - g. Let t(f) = -f**3 + 14*f**2 + 16*f + 7. What is the units digit of t(k)?
2
Let t(o) be the second derivative of o**4/3 - o**3/3 + 3*o**2/2 + 9*o. What is the tens digit of t(3)?
3
Suppose -123795 = -22*a - 23*a. What is the thousands digit of a?
2
Let r = -109 - -24. Let s = r - -159. What is the tens digit of s?
7
Let q(r) = 75*r + 16. What is the units digit of q(9)?
1
Let l = -1 - -16. Suppose l*x + 115 = 20*x. Let q = x + 11. What is the units digit of q?
4
Let n = -26 - -30. Let g be n + (-1230)/1*-2. What is the tens digit of (-2)/5 - g/(-35)?
7
Let b = -1595 - -2246. What is the units digit of b?
1
Suppose 3*g + 2*q + 648 = 0, -2*q + 5*q + 1079 = -5*g. What is the units digit of ((5 + -4)/2)/((-1)/g)?
7
What is the tens digit of (18/36)/(-1*4/(-6456))?
0
What is the tens digit of ((-1108)/28 - 5)/((-2)/14)?
1
Suppose -661 = -3*v - 5*l, 675 = 4*v + 4*l - 201. What is the hundreds digit of v?
2
Let n be (-8)/12*33/2. Let q(o) = o**3 + 11*o**2 + o + 10. Let i be q(n). What is the tens digit of 58 + i - 0/8?
5
Let m(n) = -3 - 4*n + 11*n**2 + 0 + 1. What is the tens digit of m(-1)?
1
Let z(j) = -j + 6. Let r be z(8). Let o be (-6655)/(-35) - r/(-14). What is the tens digit of o/5 - (0 - -2)?
3
Let n = -1029 + 1859. What is the tens digit of n?
3
Suppose 0 = -4*o + 3*t + 1244, 373 + 239 = 2*o - 4*t. What is the tens digit of o?
1
Let r(c) be the first derivative of -c**2/2 + 15*c + 1. Suppose -46*l + 56*l = 0. What is the units digit of r(l)?
5
Let p(c) = -38*c + 65. What is the tens digit of p(-10)?
4
Let c(s) = 2*s**3 - 2*s**2 - 2*s - 1. Let l(t) = 2*t**2 + 7*t - 5*t**3 + 4*t**2 + 0*t**2 + 0 + 4. Let j(m) = -7*c(m) - 2*l(m). What is the units digit of j(-2)?
9
Let m(y) = 7*y - 3. Let x be m(4). Suppose 2*r = 9 - x. What is the units digit of (r/(-12))/(2/81)?
7
Suppose 275 = 3*h - 1471. What is the hundreds digit of h?
5
Let w = -19 + 14. Let u be 4/w + 9/(-45). What is the tens digit of 315/9 - 3*u?
3
Let g = 28 - 25. Suppose -7*i + g*i + 12 = 0. Suppose -190 = -8*l + i*l. What is the units digit of l?
8
Suppose 475 = -5*w + 2*b, -3*w = 5*b + 70 + 215. Let d = w - -237. What is the tens digit of d?
4
Let y(w) = -w**2 + 13*w - 6. Let g = -7 - -27. Suppose -3*l + g = -10. What is the tens digit of y(l)?
2
Suppose -10*f + 7*f - 249 = 0. Let r = 248 + f. What is the units digit of r?
5
Let o = -22 + -28. Let r = o + 87. What is the tens digit of r?
3
What is the units digit of 2/2 + 5 - -563?
9
Let p = 271 - -223. What is the units digit of p?
4
Let s be (6/33 - (-15)/(-22))*194. Let l = s + 162. What is the tens digit of l?
6
Let w(t) be the first derivative of t**3/3 + t**2 - 25*t - 11. What is the units digit of w(-11)?
4
Suppose -t + 4*t = 6. Suppose t*l - 5*l + 192 = 0. What is the tens digit of l?
6
Suppose 602 = -h + 1502. What is the hundreds digit of h?
9
Let v be 5 + (2 - 2 - -1). What is the units digit of (-230)/(-3) + (-4)/v?
6
Let m be ((-10)/(-2))/(-10)*-166. Let n = m + -20. What is the units digit of n?
3
Let r = -4 + 16. Suppose r*b = 10*b + 26. What is the tens digit of b?
1
Let w be 114/6 - 4/(-2). Let d be 8/(-14)*w/(-6). What is the tens digit of 73/d + 24/16?
3
Let u(a) = -26*a - 2. Let q be u(-2). What is the units digit of 20/(-5) + q + 1?
7
Suppose 22*d - 21*d - 6755 = -4*z, -5*z + 8425 = -5*d. What is the tens digit of z?
8
Let a be (-248)/(-14) - (-4)/14. Let o = -65 - -60. Let x =